 1736037?
False
Is 3310942 a multiple of 46?
True
Is 66299 a multiple of 167?
True
Does 25 divide 99899?
False
Is 20 a factor of 6851920?
True
Is 26 a factor of 800592?
True
Is 260 a factor of 1622660?
True
Does 189 divide 6645600?
False
Is 42 a factor of 3156594?
True
Is 69671 a multiple of 27?
False
Does 505 divide 481469?
False
Does 25 divide 245600?
True
Is 47940 a multiple of 2?
True
Is 148 a factor of 286972?
True
Is 9 a factor of 17707?
False
Does 104 divide 498421?
False
Is 15 a factor of 70575?
True
Is 346937 a multiple of 131?
False
Does 1384 divide 18994016?
True
Is 2672844 a multiple of 57?
True
Is 1170878 a multiple of 41?
True
Is 241 a factor of 287754?
True
Is 19 a factor of 1836084?
True
Does 11 divide 510029?
False
Does 170 divide 3415856?
False
Is 135 a factor of 138780?
True
Does 3 divide 183282?
True
Is 1448400 a multiple of 408?
True
Is 244893 a multiple of 4?
False
Is 31752391 a multiple of 20?
False
Does 5 divide 103600?
True
Does 72 divide 144?
True
Does 39 divide 604734?
True
Is 47 a factor of 1373998?
True
Is 4748160 a multiple of 61?
False
Is 128982 a multiple of 44?
False
Does 14 divide 64736?
True
Is 86548 a multiple of 11?
True
Does 367 divide 739138?
True
Is 10101455 a multiple of 455?
True
Is 466640 a multiple of 19?
True
Is 91324 a multiple of 68?
True
Is 361242 a multiple of 427?
True
Is 12603 a multiple of 2?
False
Does 10 divide 59239?
False
Does 142 divide 545329?
False
Does 227 divide 688479?
False
Does 7 divide 22632?
False
Is 74250 a multiple of 66?
True
Is 16 a factor of 228416?
True
Does 10 divide 159576?
False
Is 891345 a multiple of 13?
True
Is 11030054 a multiple of 27?
False
Does 967 divide 2784424?
False
Does 347 divide 730399?
False
Does 18 divide 16624?
False
Is 777480 a multiple of 380?
True
Does 57 divide 1493782?
False
Is 1975967 a multiple of 89?
False
Does 549 divide 2310192?
True
Does 8 divide 289300?
False
Is 538 a factor of 289982?
True
Is 38918 a multiple of 5?
False
Is 9 a factor of 65799?
True
Is 2 a factor of 7423?
False
Is 101 a factor of 158368?
True
Does 18 divide 8163?
False
Does 39 divide 92547?
True
Is 1576441 a multiple of 317?
True
Is 85677 a multiple of 2?
False
Is 19 a factor of 18259?
True
Does 6 divide 21021?
False
Does 194 divide 2138462?
True
Is 547 a factor of 76475?
False
Is 7109114 a multiple of 31?
False
Does 280 divide 444920?
True
Does 709 divide 2675971?
False
Is 2459345 a multiple of 1015?
True
Does 1165 divide 1959500?
False
Is 1984391 a multiple of 155?
False
Is 318920 a multiple of 35?
True
Is 41 a factor of 67950?
False
Does 90 divide 38790?
True
Is 202998 a multiple of 24?
False
Is 354151 a multiple of 25?
False
Is 157 a factor of 1971804?
False
Is 6 a factor of 5665176?
True
Does 22 divide 266258?
False
Is 1352856 a multiple of 38?
False
Is 14 a factor of 818818?
True
Is 72 a factor of 624816?
True
Is 314518 even?
True
Does 1221 divide 8202641?
False
Is 1320624 a multiple of 648?
True
Does 46 divide 1753475?
False
Is 36712 a multiple of 104?
True
Is 135641 a multiple of 82?
False
Does 64 divide 1459975?
False
Is 587070 a multiple of 29?
False
Is 49108 a multiple of 5?
False
Does 37 divide 1757278?
True
Is 7474814 a multiple of 17?
False
Is 50 a factor of 4470700?
True
Does 86 divide 705544?
True
Is 9128898 a multiple of 7?
False
Does 17 divide 27829?
True
Does 18 divide 735750?
True
Is 21 a factor of 20307?
True
Is 9 a factor of 1240479?
True
Is 112 a factor of 577696?
True
Is 84 a factor of 2177364?
True
Does 291 divide 3190188?
False
Is 521 a factor of 2411188?
True
Does 791 divide 2774037?
True
Is 2374758 a multiple of 642?
True
Is 70557 a multiple of 2?
False
Is 19373894 a multiple of 82?
True
Is 50 a factor of 559583?
False
Is 104403 a multiple of 13?
True
Is 609912 a multiple of 516?
True
Is 42450 a multiple of 94?
False
Is 23 a factor of 2210798?
False
Does 30 divide 379185?
False
Is 25 a factor of 18734375?
True
Is 131990 a multiple of 5?
True
Is 501824 a multiple of 5?
False
Does 82 divide 3544124?
False
Does 87 divide 337158?
False
Does 262 divide 202625?
False
Is 6 a factor of 444420?
True
Is 368936 a multiple of 431?
True
Is 26 a factor of 964882?
False
Is 55 a factor of 2752098?
False
Does 3 divide 53144?
False
Is 88 a factor of 23906530?
False
Does 359 divide 438341?
False
Is 5 a factor of 19879?
False
Is 21843019 a multiple of 89?
False
Is 21 a factor of 55503?
True
Is 84 a factor of 495768?
True
Is 1060290 a multiple of 55?
True
Is 120 a factor of 175742?
False
Is 530121 a multiple of 513?
False
Is 165204 a multiple of 12?
True
Is 95760 a multiple of 36?
True
Is 44 a factor of 3940728?
True
Does 29 divide 462220?
False
Is 334494 a multiple of 72?
False
Does 463 divide 3886422?
True
Does 260 divide 6195540?
True
Is 75 a factor of 101475?
True
Does 188 divide 3944185?
False
Is 3924043 a multiple of 11?
False
Does 22 divide 5434?
True
Does 63 divide 114471?
True
Does 247 divide 87013?
False
Is 76 a factor of 240958?
False
Does 16 divide 2065840?
True
Is 10 a factor of 14160?
True
Does 22 divide 19602?
True
Does 208 divide 2569163?
False
Does 218 divide 1024630?
False
Is 11861169 a multiple of 34?
False
Is 4 a factor of 745?
False
Is 77 a factor of 49068?
False
Does 758 divide 940298?
False
Is 1001688 a multiple of 491?
False
Is 10150340 a multiple of 205?
False
Is 32 a factor of 5993920?
True
Does 17 divide 9297487?
True
Is 208530 a multiple of 42?
True
Is 1344088 a multiple of 428?
False
Is 577 a factor of 903606?
False
Is 173 a factor of 1845045?
True
Is 644 a factor of 6923000?
True
Is 108354 a multiple of 5?
False
Is 94 a factor of 12367862?
True
Is 4491965 a multiple of 109?
False
Does 119 divide 2172116?
False
Does 22 divide 243482?
False
Does 975 divide 2057736?
False
Is 16 a factor of 102272?
True
Is 88 a factor of 1309968?
True
Is 668 a factor of 2929180?
True
Is 1238022 a multiple of 515?
False
Is 21 a factor of 5439?
True
Is 88 a factor of 69640?
False
Is 171619 a multiple of 13?
False
Does 7 divide 29937?
False
Does 28 divide 2928751?
False
Is 296869 a multiple of 307?
True
Is 57 a factor of 1410750?
True
Does 26 divide 753982?
False
Does 1082 divide 2423069?
False
Is 569126 a multiple of 19?
True
Is 15390 a multiple of 5?
True
Does 25 divide 1085294?
False
Is 12470850 a multiple of 37?
True
Is 146 a factor of 389674?
True
Is 878 a factor of 2792298?
False
Does 1200 divide 18927189?
False
Does 266 divide 15428?
True
Is 8405457 a multiple of 375?
False
Is 163 a factor of 3585837?
True
Does 126 divide 278082?
True
Is 3 a factor of 4713?
True
Is 791 a factor of 7910?
True
Is 250782 a multiple of 48?
False
Does 75 divide 2489957?
False
Does 35 divide 1590190?
True
Is 1297254 a multiple of 461?
True
Is 7563226 a multiple of 217?
False
Is 182 a factor of 518700?
True
Is 52 a factor of 226427?
False
Is 11 a factor of 3763176?
False
Does 6 divide 81972?
True
Is 3894755 a multiple of 369?
False
Is 1077433 a multiple of 187?
False
Is 832079 a multiple of 138?
False
Is 379551 a multiple of 1025?
False
Is 336 a factor of 1328130?
False
Is 6644826 a multiple of 174?
False
Is 26 a factor of 2886858?
True
Is 197 a factor of 188173?
False
Is 1167 a factor of 4916571?
True
Is 45 a factor of 47970?
True
Does 49 divide 4480882?
False
Does 386 divide 981212?
True
Does 360 divide 314133?
False
Is 603080 a multiple of 389?
False
Is 2089136 a multiple of 9?
False
Is 5951372 a multiple of 43?
True
Does 14 divide 2278451?
False
Does 8 divide 23024?
True
Is 4722697 a multiple of 607?
False
Is 112670 a multiple of 9?
False
Is 32 a factor of 40856?
False
Does 9 divide 8081667?
True
Does 6 divide 354642?
True
Does 45 divide 6795?
True
Does 102 divide 30644?
False
Is 1162258 a multiple of 88?
False
Is 430780 a multiple of 50?
False
Does 99 divide 45052?
False
Is 127 a factor of 5759205?
False
Does 6 divide 1366857?
False
Is 12 a factor of 520896?
True
Does 58 divide 2596101?
False
Is 85800 a multiple of 20?
True
Is 55 a factor of 12276902?
False
Is 433147 a multiple of 12?
False
Does 39 divide 47307?
True
Is 78 a factor of 39922?
False
Is 24 a factor of 105280?
False
Is 39088 a multiple of 56?
True
Is 7 a factor of 52535?
True
Is 66 a factor of 125136?
True
Is 3427191 a multiple of 111?
False
Is 18454 a multiple of 120?
False
Is 7 a factor of 7581?
True
Do